11, 109
Suppose 3*u = 3*p - 13707 - 33774, -u - 8 = 0. List the prime factors of p.
3, 5273
Suppose -11*j + 46 = -9. Suppose a + 2*g = j*g + 1146, 5*a - 5*g = 5760. What are the prime factors of a?
3, 5, 7, 11
Let k = 5934 + 7201. List the prime factors of k.
5, 37, 71
Let b = -46 + 49. Suppose -10 = -3*o - 4*i, -i + b*i - 4 = -o. Suppose a = o*q + 69, -4*q - q + 240 = 3*a. List the prime factors of a.
3, 5
Let i(a) = -158*a**3 - 2*a**2 + 7. Let w be i(-3). Suppose -v = 22*v - w. List the prime factors of v.
5, 37
Let k = 247837 + -159357. What are the prime factors of k?
2, 5, 7, 79
Let a = 132422 + -88192. List the prime factors of a.
2, 5, 4423
Suppose 3*f = -3*s - s + 318, -4*s = 0. Let m = 542 - f. List the prime factors of m.
2, 109
List the prime factors of 729234/46 - (19 - 3073/161).
83, 191
Let t(z) = 15*z**2 - 21*z - 7. Let c(h) = -h**2 - h. Let m(x) = 4*c(x) + t(x). What are the prime factors of m(-5)?
3, 131
List the prime factors of (-2)/9 + 42342373/1341.
3, 5, 421
Let g(z) = 59*z**3 + 8*z + 4. Let k(h) = 60*h**3 + h**2 + 6*h + 4. Let d(y) = 3*g(y) - 4*k(y). What are the prime factors of d(-2)?
2, 11
Let p(b) = 4*b**2 + 21*b + 17. Let k be p(-7). List the prime factors of 36*55*(-5 + k/12).
2, 3, 5, 11
Let r(f) = 18*f**2 + 376*f + 4468. What are the prime factors of r(-12)?
2, 7, 13
Let q be (-3)/(-6)*-3*(-12)/(-18). List the prime factors of 5 - q/(4/524).
2, 17
Suppose 7*g + 146071 = 11*g + 3*p, -4*g = p - 146061. List the prime factors of g.
2, 18257
Let n be (-160888)/(-39)*2/(-8)*-6. Suppose -1952 = 12*s - n. What are the prime factors of s?
353
Suppose -3*p + k = -4*p + 4, -2*p - 3*k = -7. Suppose -5*s = -15, 2113 = 2*a + 7*s - 4*s. Suppose p*h = 9*h - a. What are the prime factors of h?
263
What are the prime factors of -3 + 2271 + 0 + -2?
2, 11, 103
Let k(a) = -145*a - 11. Suppose 2*d = 4*z + 186, -297 = -3*d + z - 33. Let c = 85 - d. What are the prime factors of k(c)?
3, 31
Let d be -4 + (-7)/(-3 - -2). Let t be (d/6)/(1/766). Suppose -t = -11*c + 409. What are the prime factors of c?
2, 3
Suppose 4*u = -4*u. Suppose u = 10*g - 554 - 126. Let a = g - 1. What are the prime factors of a?
67
Let s(i) = i**3 - 17*i**2 + 43*i - 13. Let q be s(14). What are the prime factors of (q - (0 - -1)) + -2 + 442?
2, 5, 11
Let z(q) = 9*q**2 - 40*q + 340. List the prime factors of z(-60).
2, 5, 7, 251
Let c = 1156 - -5435. List the prime factors of c.
3, 13
Let y(t) = t. Let v(i) = i**2 - 5*i + 56. Let n(f) = v(f) - 2*y(f). List the prime factors of n(-9).
2, 5
Let w = 171 + -2385. Let u = w + 3457. What are the prime factors of u?
11, 113
Let l = 33 - 67. Let q = -62 - l. What are the prime factors of -2 - ((-1)/4 + 3381/q)?
7, 17
Let j = -34 + 22. Let q be (j/(-4) - 7) + -26116. What are the prime factors of -2*1/15 + q/(-150)?
2, 3, 29
Suppose -5*g - 88 = -4*x + 82, 3*x - 23 = g. Let r be -36*(g/8 - -4). Suppose -r*q = -26*q - 28. List the prime factors of q.
2, 7
Let m be ((-76)/(-152))/(1*1/1484). Suppose 172 = -15*b + m. List the prime factors of b.
2, 19
List the prime factors of 1010921/47 + 14/329.
137, 157
Let j = -42 + 80. Suppose 6730 - j = 7*k. List the prime factors of k.
2, 239
Let q(l) be the second derivative of 0 - 1/12*l**4 - 5/2*l**2 - 15*l - 5*l**3. What are the prime factors of q(-24)?
139
Suppose 4*z + 23045 - 96825 = -10*z. What are the prime factors of z?
2, 5, 17, 31
Suppose 5*l = 4*s - 18, -s - 2 = -3*l - 10. Suppose -7*p = 44 + 12. What are the prime factors of s/(p/6)*348/(-9)?
2, 29
Let z be 1*64/10 - (-12)/(-30). Let x be (z/4 - 0)/(57/190). Suppose -x*s + 4*g + 576 = 0, -s = -0*s - 3*g - 124. List the prime factors of s.
2, 7
Suppose 3*u + 0*u = -f + 38, 0 = 3*f + 5*u - 134. Let a = -53 + f. Suppose 5*p + 4*s - 220 = 0, 3*p + a*p - s = 132. What are the prime factors of p?
2, 11
Let c(u) be the third derivative of -u**5/60 + 47*u**4/24 - 281*u**3/6 - 220*u**2. List the prime factors of c(28).
251
Let s be (-2)/(-8) - 3644/(-16). Suppose -2*g + 8*g = s. Suppose 0 = -5*o - 2*x + 325, 5*x + 0*x + g = o. List the prime factors of o.
3, 7
Suppose -5*t + 1840 = -18165. List the prime factors of t.
4001
Suppose -y = -4*y - 7*y + 239770. What are the prime factors of y?
23977
Suppose 13*d + 13*d = 168584. What are the prime factors of d?
2, 1621
Let q = -478 - -470. List the prime factors of (-36)/q*(-336)/(-12).
2, 3, 7
Let f(u) = u**2 + 10*u + 10. Suppose 8*l - 6*l + 46 = 0. Let c = -37 - l. List the prime factors of f(c).
2, 3, 11
What are the prime factors of (231170/15)/(((-42)/84)/(3/(-2)))?
2, 23117
Suppose 2*j = -3*c + 67, 9*j - 68 = -3*c + 8*j. Suppose -5*b + 7370 = 5*v, 0 = 5*b + 18*v - c*v - 7400. List the prime factors of b.
7, 211
Suppose 0*y + 4*y = 2*t + 8, -1 = 3*y - 5*t. Let z(o) = o**3 + o**2 - 13*o + 23. List the prime factors of z(y).
2, 5
Let z(p) = 3*p**2 - 18*p + 33. Suppose c = 4 + 7. Let k be z(c). Let t = k + -134. What are the prime factors of t?
2
Let s = 135 - 83. Let k be ((-3)/2)/((s/(-72))/13). Suppose -5*x + b + 0*b + k = 0, 2*x = -3*b + 21. List the prime factors of x.
2, 3
Suppose -6077*k + 6032*k + 2762505 = 0. List the prime factors of k.
3, 19, 359
Let b = -33 + 35. Suppose 0*v - v - b*i = 47, -4 = -4*i. Let y = v - -131. List the prime factors of y.
2, 41
List the prime factors of (5/((-15)/(-41188)))/(365/2190).
2, 7, 1471
List the prime factors of (326 - 0)*27*6*(-13)/(-234).
2, 3, 163
Let w be 5 + (-4)/4 - -3. Let i(o) = o**2 - 7*o + 10. Let p be i(w). Suppose 0 = 2*z - 4, -3*l = -15*z + p*z - 662. What are the prime factors of l?
2, 7
Let y = 273 + -268. Let i = 65 - 23. Suppose 2*l - i = 5*x, 0 = y*l + 2*x - 163 + 58. What are the prime factors of l?
3, 7
Let n(r) = r**3 - r**2 + 2*r + 5. Suppose -10 = 3*t + 5*o - 15, 0 = -2*o - 4. List the prime factors of n(t).
5, 23
Let f(z) = z**3 + 15*z**2 + 12*z - 3. Let o = -118 - -107. List the prime factors of f(o).
349
Let j be (3/(-3))/((-35)/(-6755)). Let z(f) = -f - 277. Let y be z(0). Let r = j - y. What are the prime factors of r?
2, 3, 7
Suppose x - 10 = 2. Let o = -12 + x. What are the prime factors of 41 - (o - -4 - 0)?
37
Let p(i) = 3*i**3 + 9*i**2 - 12*i - 6. Let z be p(5). Let o = z - 334. List the prime factors of o.
2, 5
Let t = -37035 + 54653. List the prime factors of t.
2, 23, 383
Let j(o) = -1195*o - 7264. What are the prime factors of j(-62)?
2, 33413
Let f(a) = -a**3 - 8*a**2 + 1. Let w be f(-8). Let d be (w + -11)/(-2 - 9/(-3)). Let p(k) = -k**3 - 8*k**2 + 15*k + 10. List the prime factors of p(d).
2, 3, 5
Let g = 67 - 67. Suppose j - 5*k + 3 = g, 5*j + 6*k = k - 105. List the prime factors of j/(-21)*(-70)/(-5).
2, 3
Suppose 1516 = 4*o + 64. Suppose 4*s - o = 5*f, 2*s - 7 - 172 = 5*f. Suppose 0 = 5*d - 8 - s. What are the prime factors of d?
2, 5
Suppose -3*h = -24 + 9. Suppose -x + 34 = -3*f, x = -h*f + 27 + 23. What are the prime factors of x?
2, 5
Let d be 2 - (0 + 1)/(10 - 9). Let z be d/(-5) - 2*(-13)/5. Suppose 0 = z*y - 5*o - 575, 2*o = -4*y + 4*o + 464. List the prime factors of y.
3, 13
Let z(h) = -2*h + 17. Let m be z(7). Let r be -1*(3 + m)*-63*1. Suppose -r = -64*u + 61*u. List the prime factors of u.
2, 3, 7
Let x = 894 - 894. Let y be (-2 - (-9)/6)*-902. Suppose 4*q + 5*f = 501, x*q + y = 4*q - 5*f. What are the prime factors of q?
7, 17
Let j(y) be the third derivative of -5*y**4/24 + 170*y**3 - 107*y**2. List the prime factors of j(0).
2, 3, 5, 17
Let x(b) = -150*b + 238. What are the prime factors of x(-13)?
2, 547
Let l be (-1)/(-2)*(4 + -9 + 11). Suppose 3*d - 4*k = -45, -l*k - 7 + 49 = -3*d. What are the prime factors of (-5 - d/7)*(1 - 8)?
2, 3
Let x = 133 + -175. What are the prime factors of (-1)/((x/6)/4900)?
2, 5, 7
Let f = 22 - 38. Let m = f + 18. Suppose 2*a = 0, 0 = -b + 6*b + m*a - 775. What are the prime factors of b?
5, 31
Suppose -3*j = -4*j + 4*t + 5328, 2*j - 10647 = -t. Suppose -29*s + j = -18195. List the prime factors of s.
811
Suppose j - 2 = -2*z + 7, 5*z = 5*j + 15. What are the prime factors of (-630)/60*(-3 - j)?
2, 3, 7
Let d = 213 - 95. Suppose 3*q + 4*n - 105 = 235, q - n = d. List the prime factors of q.
2, 29
Let z = -92819 - -151383. List the prime factors of z.
2, 11
Suppose -3*w = 3*j - 4917, 89*j - 84*j = -w + 8187. Let h = -105 + j. List the prime f